{"id":790,"date":"2016-06-23T15:11:15","date_gmt":"2016-06-23T20:11:15","guid":{"rendered":"https:\/\/ciodigital.com\/?page_id=790"},"modified":"2016-06-23T15:16:36","modified_gmt":"2016-06-23T20:16:36","slug":"privacidad","status":"publish","type":"page","link":"https:\/\/ciodigital.com\/web\/privacidad\/","title":{"rendered":"Privacidad"},"content":{"rendered":"<p>&nbsp;<\/p>\n<p>In an effort to protect our clients&#8217; and site visitors privacy and rights, ciodigital.com has established a Privacy Policy which explains what<br \/>\ninformation we gather on visitors and what we do with information that we gather.<\/p>\n<p>This Privacy Policy governs the manner in which ciodigital.com collects, uses, maintains and discloses information collected from users of this Web site (each, a &#8220;User&#8221;).<\/p>\n<h3>Pol\u00edtica de privacidad<\/h3>\n<p>En un esfuerzo por proteger a nuestros clientes y visitantes del sitio su privacidad y sus derechos, ciodigital.com ha establecido una pol\u00edtica de privacidad que explica la informaci\u00f3n que recopilamos de los visitantes y lo que hacemos con la informaci\u00f3n que recopilamos.<\/p>\n<p>Esta Pol\u00edtica de Privacidad rige la manera en la que ciodigital.com recopila, utiliza, mantiene y divulga la informaci\u00f3n recogida de los usuarios de este sitio Web (cada uno, un &#8220;Usuario&#8221;).<\/p>\n<h3>Privacy<\/h3>\n<p>Users&#8217; privacy is very important to ciodigital.com. We are committed to safeguarding the information Users entrust to ciodigital.com.<\/p>\n<h3>Privacidad<\/h3>\n<p>La privacidad de los usuarios es muy importante para ciodigital.com. Estamos comprometidos con la protecci\u00f3n de los usuarios de informaci\u00f3n entregrada a ciodigital.com.<\/p>\n<h3>The Information We Collect<\/h3>\n<p>ciodigital.com collects personally identifiable information from Users through online forms for ordering products and services.<br \/>\nWe may also collect information about how Users use our Web site, for example, by tracking the number of unique views received by the pages of the<br \/>\nWeb site or the domains from which Users originate. We use &#8220;cookies&#8221; to track how Users use our Web site.<\/p>\n<h3>Informaci\u00f3n Recopilada<\/h3>\n<p>ciodigital.com recolecta informaci\u00f3n de identificaci\u00f3n personal de los usuarios a trav\u00e9s de formularios en l\u00ednea para ordenar productos y servicios. Tambi\u00e9n podemos recopilar informaci\u00f3n acerca de c\u00f3mo los usuarios utilizan nuestro sitio Web, por ejemplo, mediante el seguimiento del n\u00famero de visitas \u00fanicas recibidas por las p\u00e1ginas del sitio Web o los dominios de la que se originan los usuarios. Utilizamos &#8220;cookies&#8221; para rastrear c\u00f3mo los usuarios utilizan nuestro sitio Web.<\/p>\n<h3>How We Use Information<\/h3>\n<p>ciodigital.comtt may use personally identifiable information collected through our Web site to contact Users\u00a0regarding products and services offered by ciodigital.com and its trusted affiliates, independent contractors and\u00a0business partners, and otherwise to enhance Users&#8217; experience with ciodigital.com and such affiliates, independent\u00a0contractors and business partners. At no time will ciodigital.com&#8217;s database of users ever be sold to any entity for the\u00a0purpose of marketing or mailing lists. Personal information will not be sold or otherwise transferred to our business partners<br \/>\nwithout your prior consent, except that we will disclose the information we collect to third parties when, in our good faith\u00a0judgment, we are obligated to do so under applicable laws.<\/p>\n<h3>Uso de la informaci\u00f3n<\/h3>\n<p>ciodigital.com puede utilizar la informaci\u00f3n personal obtenida a trav\u00e9s de nuestro sitio Web para contactar a los usuarios acerca de los productos y servicios ofrecidos por ciodigital.com y sus afiliados de confianza, contratistas independientes y socios de negocios, y de otra manera para mejorar la experiencia de los usuarios con ciodigital.com y dichas filiales, contratistas independientes y socios de negocios. En ning\u00fan momento la base de datos de ciodigital.com de los usuarios nunca se vender\u00e1 a ninguna entidad con el prop\u00f3sito de mercadeo o listas de correo. La informaci\u00f3n personal no ser\u00e1 vendida o transferida a nuestros socios comerciales sin su consentimiento previo, excepto que daremos a conocer la informaci\u00f3n que recopilamos a terceros, cuando, a nuestro juicio la buena fe, estemos obligados a hacerlo en virtud de las leyes aplicables.<\/p>\n","protected":false},"excerpt":{"rendered":"<p>&nbsp; In an effort to protect our clients&#8217; and site visitors privacy and rights, ciodigital.com has established a Privacy Policy which explains what information we gather on visitors and what we do with information that we gather. This Privacy Policy governs the manner in which ciodigital.com collects, uses, maintains and discloses information collected from users<\/p>\n","protected":false},"author":1,"featured_media":0,"parent":0,"menu_order":0,"comment_status":"closed","ping_status":"closed","template":"","meta":{"footnotes":""},"class_list":["post-790","page","type-page","status-publish","hentry"],"amp_enabled":true,"_links":{"self":[{"href":"https:\/\/ciodigital.com\/web\/wp-json\/wp\/v2\/pages\/790","targetHints":{"allow":["GET"]}}],"collection":[{"href":"https:\/\/ciodigital.com\/web\/wp-json\/wp\/v2\/pages"}],"about":[{"href":"https:\/\/ciodigital.com\/web\/wp-json\/wp\/v2\/types\/page"}],"author":[{"embeddable":true,"href":"https:\/\/ciodigital.com\/web\/wp-json\/wp\/v2\/users\/1"}],"replies":[{"embeddable":true,"href":"https:\/\/ciodigital.com\/web\/wp-json\/wp\/v2\/comments?post=790"}],"version-history":[{"count":4,"href":"https:\/\/ciodigital.com\/web\/wp-json\/wp\/v2\/pages\/790\/revisions"}],"predecessor-version":[{"id":795,"href":"https:\/\/ciodigital.com\/web\/wp-json\/wp\/v2\/pages\/790\/revisions\/795"}],"wp:attachment":[{"href":"https:\/\/ciodigital.com\/web\/wp-json\/wp\/v2\/media?parent=790"}],"curies":[{"name":"wp","href":"https:\/\/api.w.org\/{rel}","templated":true}]}}